e first derivative of p**4/4 - 5*p**3/3 + 2*p**2 - 3*p - 230. What is g(5)?
17
Let d(t) = -t**3 - 6*t**2 + 7*t - 2. Let m(n) = -6*n + 65. Let y be m(12). What is d(y)?
-2
Let g(w) be the third derivative of 0*w + 1/30*w**5 + 0*w**3 + 1/24*w**4 - 7/60*w**6 + 0 - w**2. Determine g(-1).
15
Let z(v) be the third derivative of -v**5/60 + v**4/6 - v**3/2 + 2*v**2. Let d(m) be the first derivative of z(m). Suppose -6*n + 4*n = -10. What is d(n)?
-6
Let q(o) = o + 1 - 5*o**2 + o**3 - 1. Suppose -4*y - 111 = -295. Let b = y - 41. What is q(b)?
5
Let x(u) = u**3 + 6*u**2 - u + 3. Let m(j) = -2*j**3 - 5*j**2 + 1 + 2 + 3*j**3 - 8*j + 3. Let p be m(6). Calculate x(p).
9
Let t(y) = 8*y**3 - 4*y**3 + 3*y**3 - 5*y**3 - y - 3*y**3 - 2*y**2. Determine t(-2).
2
Let h = -87 + 91. Let z(x) = 8*x - h*x - 3*x. Determine z(-7).
-7
Let n(z) = 2*z - 9. Let g be 8/(-1) - (1 + -1). Suppose 0 = -5*u + 5*r - 35, 2*r - 5 = r. Let c = u - g. Give n(c).
3
Let k(w) = -2*w**2 + w - 7. Let x(m) = m**2 + 6. Let c(a) = -3*k(a) - 4*x(a). Give c(-3).
24
Let t(y) be the first derivative of 0*y + y**3 + 1/60*y**5 + 5/24*y**4 + 4 + 0*y**2. Let r(o) be the third derivative of t(o). Determine r(-6).
-7
Let r be (2 - -1)/((-33)/550). Let z be (r/(-3))/(9/189). Let f(t) = -t**3 + z*t**2 - 5 - 350*t**2 + t. Determine f(0).
-5
Let w(b) be the first derivative of b**4/4 - 7*b**3/3 + 2*b**2 - 7*b + 1. Suppose 2*s = -13*s + 90. Determine w(s).
-19
Suppose -5 = -2*u - 1. Let b(k) = 3*k**3 - 6*k**u - 5*k - 4*k**3 + 4 - 2. Let s = 19 - 23. Calculate b(s).
-10
Suppose -20 - 34 = l. Let w = l - -47. Let r(j) = j**3 + 6*j**2 - 6*j + 9. Determine r(w).
2
Suppose 0 = 3*m + 1 + 5. Let y(n) be the second derivative of 0 - 2*n - 1/2*n**2 + 1/2*n**3. Determine y(m).
-7
Let s be (-378)/78 + 4/(-26). Let d(x) = x**2 + 8*x + 1. Calculate d(s).
-14
Suppose 4*n = 3*v - 17, 13*v - n + 4 = 15*v. Let u(s) be the first derivative of -s**2 + 3*s + 1. What is u(v)?
-3
Let i(u) = 22. Let t(f) = f + 43. Let b(d) = -5*i(d) + 3*t(d). Let r(w) = -w - 9. Let j(v) = -2*b(v) - 5*r(v). Suppose 4*y - 25 + 5 = 0. Give j(y).
2
Let i(p) = 3*p + 13. Let r(n) = 4*n + 14. Let y = -27 - -29. Let k(w) = y*r(w) - 3*i(w). Calculate k(-9).
-2
Let p(b) = -b**3 - 11*b**2 - 11*b + 14. Let y(k) = k - 14. Let o be y(4). What is p(o)?
24
Let b = -32 + 33. Suppose 0 = -6*g + b - 7. Let o(n) = 14*n**2. Give o(g).
14
Let h(j) = 25*j + 98. Let r be h(-4). Let k(s) = -s. Let n(o) = -o**3 + 2*o**2 - 3*o. Let x(y) = -2*k(y) + n(y). Determine x(r).
18
Suppose 5*x = -p + 4 + 24, x + 4*p = -2. Let g(t) = t**2 - 4*t - 8. Calculate g(x).
4
Let u = -29 - -65. Let w = u + -31. Let y(b) = -5 + b + 5. Give y(w).
5
Let p(w) be the first derivative of -2*w**2 - 4*w + 2. Suppose 10 = m - 4*a - 7, 5*m + 4*a = -35. Give p(m).
8
Let w(l) be the first derivative of -3*l - 1/2*l**2 + 2 + 1/6*l**3. Let t(d) be the first derivative of w(d). Give t(1).
0
Suppose -8*n - 84 = -44. Let o be (5/10)/(1/6). Let i(t) = t**o + t**2 + 6*t + 5*t**2 - 6 - t. Determine i(n).
-6
Let h(p) be the second derivative of p**8/6720 + p**6/720 + 7*p**5/60 - 29*p**4/12 + 32*p. Let y(b) be the third derivative of h(b). What is y(0)?
14
Suppose 5*i = 4*i + 10. Let a = 6 - i. Let s(r) = -r**2 + 4. Give s(a).
-12
Let z(o) = 16*o**3 + 12*o**2 - 17*o + 18. Let g(m) = -9*m**3 - 6*m**2 + 9*m - 9. Let k(i) = 7*g(i) + 4*z(i). Let r be ((-1)/(-3))/(5/(-105)). Determine k(r).
-5
Let a(w) be the first derivative of -w**4/4 - 4*w**3 - 7*w**2 - 15*w + 198. Calculate a(-11).
18
Let z(p) be the third derivative of -p**5/60 + p**3/6 + 50*p**2. Give z(-2).
-3
Let c be (6/2*1)/(18/24). Let p(h) = 4*h**3 + 16*h**2 + 12*h + 13. Let u(r) = -1 + 6 - 1 - 4*r - 8 - 5*r**2 - r**3. Let x(k) = -2*p(k) - 7*u(k). What is x(c)?
2
Let f(i) = -i**3 + 6*i**2 - 7*i + 5. Let h = -214 - -219. What is f(h)?
-5
Let u = -42 + 37. Let o(y) be the first derivative of -y**2/2 - y - 36. Determine o(u).
4
Let b(r) = r**2 + 10*r + 10. Let z be ((-6)/18)/((-3)/(-63)). Let w be b(z). Let x be (-13)/11 + (-2)/w. Let c(m) = 4*m. Determine c(x).
-4
Let d(l) = l**2. Suppose 4*a - 3*k = -9, 0*k - 5*k = 5*a - 15. Suppose 2*j + y = 5, -j + 2*y + 0*y = a. Calculate d(j).
4
Let r(y) = 7*y + 1. Let n(c) = -c. Let u(z) = -6*n(z) - r(z). Give u(-9).
8
Let v(i) = -i**3 + 6*i**2 - i + 5. Suppose -3*f - 15 = 3*x - 6*x, -x - 4*f = 0. Suppose 0 = x*g - 2*l - 32, -4*l = -3*g - 0*g + 34. Give v(g).
-1
Let y(u) = -u**2 + 9*u - 11. Let l(b) = -14*b - 624. Let r be l(-45). Give y(r).
7
Let j(t) be the second derivative of -t**5/20 + t**3/3 - 3*t**2/2 - 21*t. Determine j(-3).
18
Let a(q) = q**3 - 5355*q**2 + 3 + 2673*q**2 + 2674*q**2 - 10*q. Give a(9).
-6
Suppose -50 = -92*n + 102*n. Let b be 3*-2*(-2)/4. Let i(s) = 2*s + 0*s + s**2 + b*s - 6. Give i(n).
-6
Let t(z) = 0*z - z + 18*z - 16*z. Let s be (-18)/3*(-4)/6. Let d = 6 - s. Give t(d).
2
Let o(t) = -t**3 - 3*t**2 - 3*t. Let a be (5/(-10))/((-1)/(-38)). Let k = -22 - a. Calculate o(k).
9
Let s be 3/2 - (-4)/8. Let u(v) = 2*v - 1. Determine u(s).
3
Suppose a + 24 = -5*k, -2*k - a + 12 = -6*a. Let p(l) be the second derivative of l**4/12 + l**3 + 3*l**2 + 27*l. What is p(k)?
-2
Let a(f) = -f + 2. Let r be a(-10). Let q be r/(-1)*8/16. Let h(n) = -n - 1. Determine h(q).
5
Let l(s) be the second derivative of s**3/6 - 8*s**2 + 22*s - 5. What is l(8)?
-8
Suppose 10*p = 5*p + 35. Suppose -12 = y - p*y. Let g(b) = b**3 - 2*b**2 + 2*b + 1. Determine g(y).
5
Suppose 4*f - 2*f + 31 = 5*v, -f - 19 = -3*v. Let a(h) = -3 + 5123*h**2 - 5131*h**2 + h**3 + 8 - 2*h + 9*h. Calculate a(v).
5
Suppose 7*y = 3*y - r + 7, 2*r = -2. Suppose 8*s = y - 10. Let b(x) = -x**2 - x - 1. Give b(s).
-1
Suppose -19*f = 120 + 32. Let p(a) = -2*a - 8. What is p(f)?
8
Let t(p) = -p**3 - 4*p**2 - 2*p + 5. Let s(r) = -r**3 + r - 1. Let x = 14 - 16. Let b(u) = x*s(u) + t(u). Determine b(5).
12
Let w(k) be the third derivative of k**6/720 + 7*k**5/120 - 13*k**4/24 - k**2. Let u(y) be the second derivative of w(y). Calculate u(-7).
0
Let o(r) be the third derivative of r**4/4 + 2*r**3/3 - 82*r**2. Give o(-3).
-14
Let b(u) = 0*u + 7*u - 2 - 8 + 5 - 11*u**2 + 10*u**2. What is b(6)?
1
Let b be (30/(-4) - -5 - -3)*-2. Let c(w) = -21*w**3 + w**2. Give c(b).
22
Let l(p) be the first derivative of -p**3/3 - 2*p**2 + 10*p - 55. Give l(-7).
-11
Let l(i) = -5*i**2 + 12*i**2 + 0*i - 3*i. Let p be l(1). Let h(m) = 2*m + m**2 + 0*m**2 - 4*m - 5. Give h(p).
3
Let d = 7 - 2. Suppose -d*i + 1 - 14 = -4*z, -4*i + z - 17 = 0. Let t(g) be the third derivative of g**5/30 + 7*g**4/24 - g**3/3 + 4*g**2. Calculate t(i).
13
Let n(r) = -18*r**3 - 3*r**2 - 5*r - 8. Let f(t) = -t**3 - t**2 - t - 2. Let m(u) = 3*f(u) - n(u). What is m(-1)?
-15
Let v(j) = -j**3 - 3*j**2 + 2*j - 2. Let f(r) = r**3 + 13*r**2 + 36*r - 3. Let b be f(-9). Determine v(b).
-8
Let x(k) = 4*k**3 + k**2 + 3*k + 2. Let p = 459 - 460. Determine x(p).
-4
Let p(s) = -s**3 + s**2 + 2*s + 1. Suppose w + 18 = -3*f - 2*w, -4*w - 16 = 0. Let c be ((-4)/6)/(f/9). Let q = 0 + c. What is p(q)?
-11
Let c(p) be the third derivative of p**6/120 - 2*p**5/5 - p**4/12 + 9*p**3 + 92*p**2. What is c(24)?
6
Let d(v) = 53*v + 626. Let p be d(-12). Let m(c) = 6*c + 43. Give m(p).
-17
Let r(b) = b**2 + 20*b - 31. Suppose -508 = 19*c - 109. Calculate r(c).
-10
Suppose 5*t - 5 + 5 = 0. Suppose 0*q + 2*q - 36 = 0. Suppose 3*i + 0*i + q = t. Let j(c) = c**2 + 5*c - 2. Determine j(i).
4
Let x(v) = -1. Let i(o) = -o - 7. Let p(t) = -i(t) + x(t). Suppose -119 = 5*z - k, -z - 3*k = k + 7. Let g = z + 29. Calculate p(g).
12
Let p(q) be the second derivative of 1/12*q**4 + 0 + 11*q - q**3 + 2*q**2. Determine p(7).
11
Let y = -462 - -462. Let t(l) = 2*l - 22. Determine t(y).
-22
Let s(l) = -12*l + 1572 + 3*l - 1570. Determine s(-2).
20
Let c be ((8/3)/2)/(6/(-207)). Let z be c/253 - (-114)/22. Let p(n) = -n**3 + 4*n**2 + 7*n - 2. Determine p(z).
8
Let q(n) = 2*n + 19. Let p(b) = b + 13. Let t(g) = 1. Let f(w) = -p(w) + 4*t(w). Let d(a) = 13*f(a) + 6*q(a). Let x = -24 - -18. Calculate d(x).
3
Let y(f) = f**2 - 22*f - 3. Let s be y(22). Let j be 38/4 + s + 3/(-6). Let v(h) = -2*h - 5. Give v(j).
-17
Let g(y) be the first derivative of y**2 + 7*y - 1. Let q(f) = -f - 3. Let n(b) = -3*b + 50. Let o be n(15). Let m(l) = o*q(l) + 3*g(l). D